1
In base 10, what is 9 - -76?
85
In base 14, what is 17 - -12?
29
In base 12, what is 3 - 3413?
-3410
In base 10, what is 369 + 4?
373
In base 3, what is -111 + -1022221?
-1100102
In base 2, what is -101 + -1010010010?
-1010010111
In base 13, what is 5 + 663?
668
In base 16, what is -d + 40?
33
In base 9, what is 5 - 22?
-16
In base 14, what is -2 + 26?
24
In base 4, what is 1 - -21222?
21223
In base 13, what is 28 + 4?
2c
In base 2, what is 1 + 101001101110?
101001101111
In base 11, what is 3 - -136?
139
In base 6, what is 2324 - 4?
2320
In base 10, what is -6 + 401?
395
In base 16, what is 0 - 28?
-28
In base 8, what is 54 + -27?
25
In base 6, what is -1144 - 3?
-1151
In base 2, what is -11 - -11100101?
11100010
In base 9, what is -12 + -542?
-554
In base 8, what is 6 + 21?
27
In base 14, what is 47 + -3?
44
In base 13, what is 0 - 8a?
-8a
In base 2, what is -1110011 - 1110?
-10000001
In base 15, what is 4da0 - 5?
4d9a
In base 3, what is 10 + 201020?
201100
In base 8, what is 1 + -54?
-53
In base 13, what is 3 + -18a5?
-18a2
In base 14, what is -3 - -32?
2d
In base 6, what is 514 + -1?
513
In base 11, what is -4 + -25?
-29
In base 3, what is 120 + 100?
220
In base 5, what is -14 - -12?
-2
In base 5, what is 300110 - -2?
300112
In base 8, what is 4 - 30?
-24
In base 13, what is 96 + 30?
c6
In base 16, what is -1c7 - 35?
-1fc
In base 3, what is -120 - 110?
-1000
In base 5, what is -240 - 24?
-314
In base 8, what is 4 - -2254?
2260
In base 15, what is -5 + -1e1?
-1e6
In base 3, what is 11121100 + 1?
11121101
In base 13, what is -2 + -2?
-4
In base 5, what is -14133 - 3?
-14141
In base 9, what is 2 + 1760?
1762
In base 13, what is 1 - -68?
69
In base 4, what is 11 + 1223?
1300
In base 11, what is -146 - 0?
-146
In base 2, what is 10110 + -110?
10000
In base 5, what is 3 + 12?
20
In base 4, what is 133 - 2?
131
In base 11, what is -2247 + 2?
-2245
In base 7, what is -34 + 22?
-12
In base 13, what is 2 - -23?
25
In base 2, what is 1000101000110 + -10?
1000101000100
In base 3, what is -10022 - 11112?
-21211
In base 3, what is -22111 - 2?
-22120
In base 9, what is 77 + 3?
81
In base 14, what is 9 + -29?
-20
In base 8, what is 43 - 21?
22
In base 7, what is -262 - 34?
-326
In base 7, what is -316 + 3?
-313
In base 3, what is -21222 - -10?
-21212
In base 2, what is 101011001 - 11?
101010110
In base 13, what is 0 + 9?
9
In base 3, what is -120222120 - -2?
-120222111
In base 10, what is 5 - -6270?
6275
In base 6, what is 4 + 32350?
32354
In base 15, what is -4 - -114?
110
In base 5, what is 201434 - -3?
201442
In base 5, what is 1142 - 0?
1142
In base 11, what is -54 - 0?
-54
In base 12, what is 5 - -13a?
143
In base 11, what is 3 + -69?
-66
In base 13, what is 0 + -210?
-210
In base 11, what is -5 - 97?
-a1
In base 4, what is 312221 - -11?
312232
In base 2, what is 11010011 + -110?
11001101
In base 12, what is b8 + 9?
105
In base 3, what is 0 + -120020?
-120020
In base 7, what is -2 - -20436?
20434
In base 16, what is 3e6 + 4?
3ea
In base 5, what is 10 + 442?
1002
In base 15, what is -90c - 1?
-90d
In base 13, what is 1a9 + -5?
1a4
In base 14, what is -141 + 4?
-13b
In base 11, what is -11 - -24?
13
In base 7, what is 1 + 116?
120
In base 11, what is 76 - -304?
37a
In base 7, what is -432 - -3?
-426
In base 8, what is -75 + -1?
-76
In base 4, what is 31230 + 3?
31233
In base 5, what is -10 + -1103?
-1113
In base 10, what is 1 - -197?
198
In base 16, what is -8 + -424?
-42c
In base 12, what is -1 - -1?
0
In base 11, what is -68 - -1?
-67
In base 8, what is 6 + -6767?
-6761
In base 8, what is -20415 - 3?
-20420
In base 3, what is -12122 + 2?
-12120
In base 4, what is 33133 - 10?
33123
In base 15, what is 45 - 124?
-ce
In base 16, what is -4 - a?
-e
In base 14, what is -6 - -5a4?
59c
In base 3, what is 1111120 + 12?
1111202
In base 9, what is -23 - 5?
-28
In base 7, what is -5 + 250?
242
In base 8, what is -25 - -2?
-23
In base 15, what is -3 - 364?
-367
In base 2, what is 1100011 + 10000011?
11100110
In base 7, what is 63 - 4?
56
In base 16, what is -c8 + -13?
-db
In base 5, what is 2134 + 13?
2202
In base 8, what is 7 - 42?
-33
In base 5, what is -2 + 10321?
10314
In base 7, what is -3465 - 4?
-3502
In base 6, what is 5410 - 5?
5401
In base 8, what is -2663 - -4?
-2657
In base 6, what is -20405 - 2?
-20411
In base 15, what is -8a - -5?
-85
In base 6, what is 532 + -5?
523
In base 11, what is 92 + 1?
93
In base 15, what is 1 - dc?
-db
In base 15, what is 4 + -2b?
-27
In base 11, what is 7 + -1?
6
In base 16, what is -9 + 1b4?
1ab
In base 10, what is 0 + -1350?
-1350
In base 3, what is -11011 + 111?
-10200
In base 5, what is -4 - 4212?
-4221
In base 16, what is 0 + 1c?
1c
In base 2, what is 0 + -11101?
-11101
In base 2, what is 1100011000 + -1?
1100010111
In base 3, what is 0 + -220222?
-220222
In base 11, what is 2938 - 1?
2937
In base 2, what is -10010 + -110?
-11000
In base 15, what is 5 - 629?
-624
In base 2, what is 111011 - 100000?
11011
In base 16, what is 3b - -2?
3d
In base 13, what is -493 - -2?
-491
In base 3, what is 1201021 + -1?
1201020
In base 16, what is 35 + -6?
2f
In base 11, what is -4642 - 1?
-4643
In base 5, what is -1213 + 444?
-214
In base 16, what is 4 - 8f?
-8b
In base 7, what is -14 - 1154?
-1201
In base 16, what is 357b - 5?
3576
In base 5, what is -24 - -13?
-11
In base 11, what is 4 + -904?
-900
In base 10, what is -1548 + -5?
-1553
In base 5, what is -1 - -3240?
3234
In base 13, what is 4 - -1a8?
1ac
In base 9, what is -46 - -7?
-38
In base 14, what is 3 - -1808?
180b
In base 10, what is -989 - -5?
-984
In base 16, what is 0 - 176?
-176
In base 12, what is -19 - -24?
7
In base 7, what is 1304 - 2?
1302
In base 14, what is 854 + -9?
849
In base 12, what is 164 + -5?
15b
In base 10, what is -2 + -32?
-34
In base 9, what is -3 + 1?
-2
In base 16, what is b + -68?
-5d
In base 10, what is 3 - -1272?
1275
In base 15, what is -a8d - 3?
-a91
In base 2, what is -1 - -1111001?
1111000
In base 9, what is 18 + 4?
23
In base 10, what is -2 - 41?
-43
In base 5, what is 0 + 1321?
1321
In base 13, what is aa - 4?
a6
In base 13, what is 0 + -7a?
-7a
In base 3, what is 210210 + -11?
210122
In base 16, what is -4 - 71a?
-71e
In base 10, what is 3 - 0?
3
In base 5, what is 1 + -1103?
-1102
In base 7, what is -43 + 20?
-23
In base 7, what is -11 + -12?
-23
In base 14, what is c - -1?
d
In base 7, what is 13 + -15514?
-15501
In base 8, what is -5 - -10260?
10253
In base 2, what is -10000011 + 11010?
-1101001
In base 5, what is 3 - 4221?
-4213
In base 6, what is -110503 - 4?
-110511
In base 10, what is -498 + -3?
-501
In base 12, what is 3 - -17?
1a
In base 8, what is -42 - -11?
-31
In base 8, what is -224 + 16?
-206
In base 9, what is -158 - -5?
-153
In base 5, what is 14 + 1433?
2002
In base 8, what is 23 + 711?
734
In base 2, what is -110000101110 - 11?
-110000110001
In base 4, what is 1313032 - 10?
1313022
In base 13, what is -1 + 59?
58
In base 16, what is -a + -5?
-f
In base 4, what is 112013 - -2?
112021
In base 15, what is -b0c + -1?
-b0d
In base 10, what is -5 - -430?
425
In base 3, what is -200 + -120?
-1020
In base 10, what is 3 - 149?
-146
In base 4, what is 1 + 302?
303
In base 10, what is 470 + -3?
467
In base 7, what is -26 + 1056?
1030
In base 9, what is 6315 + 1?
6316
In base 8, what is 3 + -110?
-105
In base 14, what is 2a41 - 4?
2a3b
In base 15, what is 61 - 3?
5d
In base 15, what is -c + -146?
-153
In base 4, what is 13 - -30233?
30312
In base 11, what is 12 + -143?
-131
In base 8, what is 13 + 175?
210
In base 14, what is 0 + 471?
471
In base 12, what is -4 - 19?
-21
In base 4, what is 11022 - -23?
11111
In base 11, what is 203 + 0?
203
In base 10, what is 3653 + -1?
3652
In base 3, what is 12 - -1002?
1021
In base 11, what is -2262 - -3?
-225a
In base 12, what is 37b - -3?
382
In base 15, what is -2 + -15b?
-15d
In base 14, what is -4 - 3c?
-42
In base 13, what is -2 + 165?
163
In base 3, what is -101 - 1100101?
-1100202
In base 5, what is 40 - -1322?
1412
In base 6, what is 50 - 45?
1
In base 7, what is 26225 - -1?
26226
In base 3, what is -22221121 - 10?
-22221201
In base 7, what is 3 + 234?
240
In base 6, what is -15 - -134?
115
In base 15, what is 2 - -608?
60a
In base 4, what is -1002 - -103?
-233
In base 7, what is